{"id":2421,"date":"2023-12-12T15:51:00","date_gmt":"2023-12-12T14:51:00","guid":{"rendered":"https:\/\/www.borddemer-camping.com\/vermietungen\/chalet-3ch-oeko\/"},"modified":"2024-07-16T15:30:01","modified_gmt":"2024-07-16T13:30:01","slug":"chalet-3ch-oeko","status":"publish","type":"page","link":"https:\/\/www.borddemer-camping.com\/de\/vermietungen\/chalet-3ch-oeko\/","title":{"rendered":"Chalet 3ch. \u00f6ko"},"content":{"rendered":"\n<div class=\"wp-block-columns B-25\">\n<div class=\"wp-block-column\" style=\"flex-basis:40%\">\n<h2 class=\"has-text-align-left\" id=\"camping-a-saint-michel-chef-chef-bienvenue-au-camping-3-etoiles-du-bord-de-mer\">Modell 2010<\/h2>\n\n\n\n<h1 class=\"titre\" id=\"chalet-3ch-eco\">Chalet 3ch. \u00f6ko<\/h1>\n\n\n\n<ul class=\"pictos pictos-liste liste-mob\"><li><i class=\"fa-light fa-bed-front\"><\/i>  1 Schlafzimmer mit 1 Bett von 140 cm<\/li><li><i class=\"fa-light fa-bed-front\"><\/i>  1 Kinderzimmer mit 2 Betten (80 cm breit)<\/li><li><i class=\"fa-light fa-bed-front\"><\/i>  1 Kinderzimmer mit 2 Etagenbetten (80 cm breit)<\/li><li><i class=\"fa-light fa-refrigerator\"><\/i>  Ausgestattete K\u00fcche (K\u00fchlschrank, 4 Gaskochstellen, Mikrowelle, elektrische Kaffeemaschine)<\/li><li><i class=\"fa-light fa-fork-knife\"><\/i>  Essbereich und Wohnzimmer mit Sofa, das zu einem 140cm breiten Bett umgewandelt werden kann<\/li><li><i class=\"fa-light fa-bolt\"><\/i>  1 elektrischer Konvektor<\/li><li><i class=\"fa-light fa-shower-down\"><\/i>  Badezimmer mit Dusche, Waschbecken<\/li><li><i class=\"fa-light fa-toilet\"><\/i>  Separates WC<\/li><li><i class=\"fa-light fa-table-picnic\"><\/i>  5m\u00b2 Terrasse mit Gartenm\u00f6beln<\/li><\/ul>\n<\/div>\n\n\n\n<div class=\"wp-block-column\">\n<p>Das Chalet mit 3 Schlafzimmern ist ideal f\u00fcr einen Urlaub zu sechst mit der Familie oder mit Freunden. Er bietet Ihnen allen Komfort. Der Campingplatz am Meer besitzt nur ein Modell, das die schnellsten Buchenden begeistern wird!<\/p>\n\n\n\n<p>Sein Wohn- und Essbereich ist sehr ger\u00e4umig. An sch\u00f6nen Tagen wird Sie die Au\u00dfenterrasse begeistern und Ihnen das Gef\u00fchl von Freiheit vermitteln.<\/p>\n\n\n\n<p><strong>Das Plus von Ad\u00e8le:<\/strong> Ihr Willkommensgeschenk, das Sie bei Ihrer Ankunft erhalten (f\u00fcr jede Vermietung eines Mobilheims, Zigeunerwagens oder Chalets, in der Saison, mindestens 7 N\u00e4chte)<\/p>\n\n\n\n<figure class=\"wp-block-gallery has-nested-images columns-3 is-cropped diaporama--2\">\n<figure class=\"wp-block-image size-full\"><img width=\"1024\" height=\"640\" src=\"https:\/\/www.borddemer-camping.com\/wp-content\/uploads\/2022\/12\/chalet-35m2-1.jpg\" alt=\"\" class=\"wp-image-1157\" srcset=\"https:\/\/www.borddemer-camping.com\/wp-content\/uploads\/2022\/12\/chalet-35m2-1.jpg 1024w, https:\/\/www.borddemer-camping.com\/wp-content\/uploads\/2022\/12\/chalet-35m2-1-300x188.jpg 300w, https:\/\/www.borddemer-camping.com\/wp-content\/uploads\/2022\/12\/chalet-35m2-1-768x480.jpg 768w\" sizes=\"(max-width: 1024px) 100vw, 1024px\" \/><\/figure>\n\n\n\n<figure class=\"wp-block-image size-full\"><img width=\"1024\" height=\"640\" src=\"https:\/\/www.borddemer-camping.com\/wp-content\/uploads\/2022\/12\/chambre-chalet-35m2.jpg\" alt=\"\" class=\"wp-image-1159\" srcset=\"https:\/\/www.borddemer-camping.com\/wp-content\/uploads\/2022\/12\/chambre-chalet-35m2.jpg 1024w, https:\/\/www.borddemer-camping.com\/wp-content\/uploads\/2022\/12\/chambre-chalet-35m2-300x188.jpg 300w, https:\/\/www.borddemer-camping.com\/wp-content\/uploads\/2022\/12\/chambre-chalet-35m2-768x480.jpg 768w\" sizes=\"(max-width: 1024px) 100vw, 1024px\" \/><\/figure>\n\n\n\n<figure class=\"wp-block-image size-full\"><img width=\"1024\" height=\"640\" src=\"https:\/\/www.borddemer-camping.com\/wp-content\/uploads\/2022\/12\/cuisine-chalet-35m2.jpg\" alt=\"\" class=\"wp-image-1161\" srcset=\"https:\/\/www.borddemer-camping.com\/wp-content\/uploads\/2022\/12\/cuisine-chalet-35m2.jpg 1024w, https:\/\/www.borddemer-camping.com\/wp-content\/uploads\/2022\/12\/cuisine-chalet-35m2-300x188.jpg 300w, https:\/\/www.borddemer-camping.com\/wp-content\/uploads\/2022\/12\/cuisine-chalet-35m2-768x480.jpg 768w\" sizes=\"(max-width: 1024px) 100vw, 1024px\" \/><\/figure>\n\n\n\n<figure class=\"wp-block-image size-large\"><img width=\"576\" height=\"1024\" src=\"https:\/\/www.borddemer-camping.com\/wp-content\/uploads\/2022\/12\/Chambre-2-avec-lits-superposes-576x1024.jpg\" alt=\"\" class=\"wp-image-1163\" srcset=\"https:\/\/www.borddemer-camping.com\/wp-content\/uploads\/2022\/12\/Chambre-2-avec-lits-superposes-576x1024.jpg 576w, https:\/\/www.borddemer-camping.com\/wp-content\/uploads\/2022\/12\/Chambre-2-avec-lits-superposes-169x300.jpg 169w, https:\/\/www.borddemer-camping.com\/wp-content\/uploads\/2022\/12\/Chambre-2-avec-lits-superposes-768x1367.jpg 768w, https:\/\/www.borddemer-camping.com\/wp-content\/uploads\/2022\/12\/Chambre-2-avec-lits-superposes-863x1536.jpg 863w, https:\/\/www.borddemer-camping.com\/wp-content\/uploads\/2022\/12\/Chambre-2-avec-lits-superposes.jpg 1151w\" sizes=\"(max-width: 576px) 100vw, 576px\" \/><\/figure>\n\n\n\n<figure class=\"wp-block-image size-full\"><img width=\"1024\" height=\"640\" src=\"https:\/\/www.borddemer-camping.com\/wp-content\/uploads\/2022\/12\/cuisine2-chalet-35m2.jpg\" alt=\"\" class=\"wp-image-1167\" srcset=\"https:\/\/www.borddemer-camping.com\/wp-content\/uploads\/2022\/12\/cuisine2-chalet-35m2.jpg 1024w, https:\/\/www.borddemer-camping.com\/wp-content\/uploads\/2022\/12\/cuisine2-chalet-35m2-300x188.jpg 300w, https:\/\/www.borddemer-camping.com\/wp-content\/uploads\/2022\/12\/cuisine2-chalet-35m2-768x480.jpg 768w\" sizes=\"(max-width: 1024px) 100vw, 1024px\" \/><\/figure>\n\n\n\n<figure class=\"wp-block-image size-full\"><img width=\"550\" height=\"285\" src=\"https:\/\/www.borddemer-camping.com\/wp-content\/uploads\/2022\/12\/Plan-Chalet-3-chambres.jpg\" alt=\"\" class=\"wp-image-1165\" srcset=\"https:\/\/www.borddemer-camping.com\/wp-content\/uploads\/2022\/12\/Plan-Chalet-3-chambres.jpg 550w, https:\/\/www.borddemer-camping.com\/wp-content\/uploads\/2022\/12\/Plan-Chalet-3-chambres-300x155.jpg 300w\" sizes=\"(max-width: 550px) 100vw, 550px\" \/><\/figure>\n<\/figure>\n<\/div>\n<\/div>\n\n\n\n<div class=\"wp-container-69f3a7372e5f1 wp-block-buttons box_resa\">\n<div class=\"wp-block-button btn_resa\"><a class=\"wp-block-button__link\"><i class=\"fas fa-search\"><\/i> Schnell buchen!<\/a><\/div>\n<\/div>\n","protected":false},"excerpt":{"rendered":"<p>Modell 2010 Chalet 3ch. \u00f6ko 1 Schlafzimmer mit 1 Bett von 140 cm 1 Kinderzimmer mit 2 Betten (80 cm breit) 1 Kinderzimmer mit 2 Etagenbetten (80 cm breit) Ausgestattete K\u00fcche (K\u00fchlschrank, 4 Gaskochstellen, Mikrowelle, elektrische Kaffeemaschine) Essbereich und Wohnzimmer mit Sofa, das zu einem 140cm breiten Bett umgewandelt werden kann 1 elektrischer Konvektor Badezimmer [&hellip;]<\/p>\n","protected":false},"author":1,"featured_media":0,"parent":2411,"menu_order":0,"comment_status":"closed","ping_status":"closed","template":"","meta":[],"acf":[],"_links":{"self":[{"href":"https:\/\/www.borddemer-camping.com\/de\/wp-json\/wp\/v2\/pages\/2421"}],"collection":[{"href":"https:\/\/www.borddemer-camping.com\/de\/wp-json\/wp\/v2\/pages"}],"about":[{"href":"https:\/\/www.borddemer-camping.com\/de\/wp-json\/wp\/v2\/types\/page"}],"author":[{"embeddable":true,"href":"https:\/\/www.borddemer-camping.com\/de\/wp-json\/wp\/v2\/users\/1"}],"replies":[{"embeddable":true,"href":"https:\/\/www.borddemer-camping.com\/de\/wp-json\/wp\/v2\/comments?post=2421"}],"version-history":[{"count":3,"href":"https:\/\/www.borddemer-camping.com\/de\/wp-json\/wp\/v2\/pages\/2421\/revisions"}],"predecessor-version":[{"id":3056,"href":"https:\/\/www.borddemer-camping.com\/de\/wp-json\/wp\/v2\/pages\/2421\/revisions\/3056"}],"up":[{"embeddable":true,"href":"https:\/\/www.borddemer-camping.com\/de\/wp-json\/wp\/v2\/pages\/2411"}],"wp:attachment":[{"href":"https:\/\/www.borddemer-camping.com\/de\/wp-json\/wp\/v2\/media?parent=2421"}],"curies":[{"name":"wp","href":"https:\/\/api.w.org\/{rel}","templated":true}]}}

Chalet 3ch. öko

<div class="wp-block-columns B-25">
<div class="wp-block-column" style="flex-basis:40%">
<h2 class="has-text-align-left" id="camping-a-saint-michel-chef-chef-bienvenue-au-camping-3-etoiles-du-bord-de-mer">Modell 2010</h2>



<h1 class="titre" id="chalet-3ch-eco">Chalet 3ch. öko</h1>



<ul class="pictos pictos-liste liste-mob"><li><i class="fa-light fa-bed-front"></i>  1 Schlafzimmer mit 1 Bett von 140 cm</li><li><i class="fa-light fa-bed-front"></i>  1 Kinderzimmer mit 2 Betten (80 cm breit)</li><li><i class="fa-light fa-bed-front"></i>  1 Kinderzimmer mit 2 Etagenbetten (80 cm breit)</li><li><i class="fa-light fa-refrigerator"></i>  Ausgestattete Küche (Kühlschrank, 4 Gaskochstellen, Mikrowelle, elektrische Kaffeemaschine)</li><li><i class="fa-light fa-fork-knife"></i>  Essbereich und Wohnzimmer mit Sofa, das zu einem 140cm breiten Bett umgewandelt werden kann</li><li><i class="fa-light fa-bolt"></i>  1 elektrischer Konvektor</li><li><i class="fa-light fa-shower-down"></i>  Badezimmer mit Dusche, Waschbecken</li><li><i class="fa-light fa-toilet"></i>  Separates WC</li><li><i class="fa-light fa-table-picnic"></i>  5m² Terrasse mit Gartenmöbeln</li></ul>
</div>



<div class="wp-block-column">
<p>Das Chalet mit 3 Schlafzimmern ist ideal für einen Urlaub zu sechst mit der Familie oder mit Freunden. Er bietet Ihnen allen Komfort. Der Campingplatz am Meer besitzt nur ein Modell, das die schnellsten Buchenden begeistern wird!</p>



<p>Sein Wohn- und Essbereich ist sehr geräumig. An schönen Tagen wird Sie die Außenterrasse begeistern und Ihnen das Gefühl von Freiheit vermitteln.</p>



<p><strong>Das Plus von Adèle:</strong> Ihr Willkommensgeschenk, das Sie bei Ihrer Ankunft erhalten (für jede Vermietung eines Mobilheims, Zigeunerwagens oder Chalets, in der Saison, mindestens 7 Nächte)</p>



<figure class="wp-block-gallery has-nested-images columns-3 is-cropped diaporama--2">
<figure class="wp-block-image size-full"><img width="1024" height="640" src="https://www.borddemer-camping.com/wp-content/uploads/2022/12/chalet-35m2-1.jpg" alt="" class="wp-image-1157" srcset="https://www.borddemer-camping.com/wp-content/uploads/2022/12/chalet-35m2-1.jpg 1024w, https://www.borddemer-camping.com/wp-content/uploads/2022/12/chalet-35m2-1-300x188.jpg 300w, https://www.borddemer-camping.com/wp-content/uploads/2022/12/chalet-35m2-1-768x480.jpg 768w" sizes="(max-width: 1024px) 100vw, 1024px" /></figure>



<figure class="wp-block-image size-full"><img width="1024" height="640" src="https://www.borddemer-camping.com/wp-content/uploads/2022/12/chambre-chalet-35m2.jpg" alt="" class="wp-image-1159" srcset="https://www.borddemer-camping.com/wp-content/uploads/2022/12/chambre-chalet-35m2.jpg 1024w, https://www.borddemer-camping.com/wp-content/uploads/2022/12/chambre-chalet-35m2-300x188.jpg 300w, https://www.borddemer-camping.com/wp-content/uploads/2022/12/chambre-chalet-35m2-768x480.jpg 768w" sizes="(max-width: 1024px) 100vw, 1024px" /></figure>



<figure class="wp-block-image size-full"><img width="1024" height="640" src="https://www.borddemer-camping.com/wp-content/uploads/2022/12/cuisine-chalet-35m2.jpg" alt="" class="wp-image-1161" srcset="https://www.borddemer-camping.com/wp-content/uploads/2022/12/cuisine-chalet-35m2.jpg 1024w, https://www.borddemer-camping.com/wp-content/uploads/2022/12/cuisine-chalet-35m2-300x188.jpg 300w, https://www.borddemer-camping.com/wp-content/uploads/2022/12/cuisine-chalet-35m2-768x480.jpg 768w" sizes="(max-width: 1024px) 100vw, 1024px" /></figure>



<figure class="wp-block-image size-large"><img width="576" height="1024" src="https://www.borddemer-camping.com/wp-content/uploads/2022/12/Chambre-2-avec-lits-superposes-576x1024.jpg" alt="" class="wp-image-1163" srcset="https://www.borddemer-camping.com/wp-content/uploads/2022/12/Chambre-2-avec-lits-superposes-576x1024.jpg 576w, https://www.borddemer-camping.com/wp-content/uploads/2022/12/Chambre-2-avec-lits-superposes-169x300.jpg 169w, https://www.borddemer-camping.com/wp-content/uploads/2022/12/Chambre-2-avec-lits-superposes-768x1367.jpg 768w, https://www.borddemer-camping.com/wp-content/uploads/2022/12/Chambre-2-avec-lits-superposes-863x1536.jpg 863w, https://www.borddemer-camping.com/wp-content/uploads/2022/12/Chambre-2-avec-lits-superposes.jpg 1151w" sizes="(max-width: 576px) 100vw, 576px" /></figure>



<figure class="wp-block-image size-full"><img width="1024" height="640" src="https://www.borddemer-camping.com/wp-content/uploads/2022/12/cuisine2-chalet-35m2.jpg" alt="" class="wp-image-1167" srcset="https://www.borddemer-camping.com/wp-content/uploads/2022/12/cuisine2-chalet-35m2.jpg 1024w, https://www.borddemer-camping.com/wp-content/uploads/2022/12/cuisine2-chalet-35m2-300x188.jpg 300w, https://www.borddemer-camping.com/wp-content/uploads/2022/12/cuisine2-chalet-35m2-768x480.jpg 768w" sizes="(max-width: 1024px) 100vw, 1024px" /></figure>



<figure class="wp-block-image size-full"><img width="550" height="285" src="https://www.borddemer-camping.com/wp-content/uploads/2022/12/Plan-Chalet-3-chambres.jpg" alt="" class="wp-image-1165" srcset="https://www.borddemer-camping.com/wp-content/uploads/2022/12/Plan-Chalet-3-chambres.jpg 550w, https://www.borddemer-camping.com/wp-content/uploads/2022/12/Plan-Chalet-3-chambres-300x155.jpg 300w" sizes="(max-width: 550px) 100vw, 550px" /></figure>
</figure>
</div>
</div>



<div class="wp-container-69f3a7372e5f1 wp-block-buttons box_resa">
<div class="wp-block-button btn_resa"><a class="wp-block-button__link"><i class="fas fa-search"></i> Schnell buchen!</a></div>
</div>

<p>Modell 2010 Chalet 3ch. öko 1 Schlafzimmer mit 1 Bett von 140 cm 1 Kinderzimmer mit 2 Betten (80 cm breit) 1 Kinderzimmer mit 2 Etagenbetten (80 cm breit) Ausgestattete Küche (Kühlschrank, 4 Gaskochstellen, Mikrowelle, elektrische Kaffeemaschine) Essbereich und Wohnzimmer mit Sofa, das zu einem 140cm breiten Bett umgewandelt werden kann 1 elektrischer Konvektor Badezimmer [&hellip;]</p>
