{"id":2431,"date":"2023-12-12T15:53:25","date_gmt":"2023-12-12T14:53:25","guid":{"rendered":"https:\/\/www.borddemer-camping.com\/vermietungen\/mobilheim-2-schlafz-oeko\/"},"modified":"2024-07-16T15:31:25","modified_gmt":"2024-07-16T13:31:25","slug":"mobilheim-2-schlafz-oeko","status":"publish","type":"page","link":"https:\/\/www.borddemer-camping.com\/de\/vermietungen\/mobilheim-2-schlafz-oeko\/","title":{"rendered":"Mobilheim 2 Schlafz. \u00f6ko"},"content":{"rendered":"\n<div class=\"wp-block-columns B-25\">\n<div class=\"wp-block-column\" style=\"flex-basis:40%\">\n<h2 class=\"has-text-align-left\" id=\"camping-a-saint-michel-chef-chef-bienvenue-au-camping-3-etoiles-du-bord-de-mer\">Modell 2008<\/h2>\n\n\n\n<h1 class=\"titre\" id=\"mobil-home-2ch-eco-1\">Mobilheim 2 Schlafz. \u00f6ko<\/h1>\n\n\n\n<ul class=\"pictos pictos-liste liste-mob\"><li><i class=\"fa-light fa-bed-front\"><\/i>  1 Schlafzimmer mit 1 Bett von 140 cm<\/li><li><i class=\"fa-light fa-bed\"><\/i>  1 Schlafzimmer mit 2 Einzelbetten (80 cm breit)<\/li><li><i class=\"fa-light fa-refrigerator\"><\/i>  Ausgestattete K\u00fcche (K\u00fchlschrank, 4 Gaskochstellen, Mikrowelle, elektrische Kaffeemaschine)<\/li><li><i class=\"fa-light fa-fork-knife\"><\/i>  Essbereich und Wohnzimmer mit Schlafsofa (140 cm breit)<\/li><li><i class=\"fa-light fa-bolt\"><\/i>  1 elektrischer Konvektor<\/li><li><i class=\"fa-light fa-shower-down\"><\/i>  Waschraum<\/li><li><i class=\"fa-light fa-toilet\"><\/i>  Separates WC<\/li><li><i class=\"fa-light fa-table-picnic\"><\/i>  Terrasse 12m\u00b2 mit Gartenm\u00f6beln<\/li><\/ul>\n<\/div>\n\n\n\n<div class=\"wp-block-column\">\n<p><strong>Das Plus von Ad\u00e8le:<\/strong> Ihr Willkommensgeschenk, das Sie bei Ihrer Ankunft erhalten (f\u00fcr jede Vermietung eines Mobilheims, Zigeunerwagens oder Chalets, in der Saison, mindestens 7 N\u00e4chte)<\/p>\n\n\n\n<figure class=\"wp-block-gallery has-nested-images columns-3 is-cropped diaporama--2\">\n<figure class=\"wp-block-image size-full\"><img width=\"768\" height=\"512\" src=\"https:\/\/www.borddemer-camping.com\/wp-content\/uploads\/2022\/12\/mobil-home23-27m2.jpg\" alt=\"\" class=\"wp-image-1086\" srcset=\"https:\/\/www.borddemer-camping.com\/wp-content\/uploads\/2022\/12\/mobil-home23-27m2.jpg 768w, https:\/\/www.borddemer-camping.com\/wp-content\/uploads\/2022\/12\/mobil-home23-27m2-300x200.jpg 300w\" sizes=\"(max-width: 768px) 100vw, 768px\" \/><\/figure>\n\n\n\n<figure class=\"wp-block-image size-full\"><img width=\"1024\" height=\"640\" src=\"https:\/\/www.borddemer-camping.com\/wp-content\/uploads\/2022\/12\/chambre-mobil-home23-27m2_2.jpg\" alt=\"\" class=\"wp-image-1088\" srcset=\"https:\/\/www.borddemer-camping.com\/wp-content\/uploads\/2022\/12\/chambre-mobil-home23-27m2_2.jpg 1024w, https:\/\/www.borddemer-camping.com\/wp-content\/uploads\/2022\/12\/chambre-mobil-home23-27m2_2-300x188.jpg 300w, https:\/\/www.borddemer-camping.com\/wp-content\/uploads\/2022\/12\/chambre-mobil-home23-27m2_2-768x480.jpg 768w\" sizes=\"(max-width: 1024px) 100vw, 1024px\" \/><\/figure>\n\n\n\n<figure class=\"wp-block-image size-full\"><img width=\"1024\" height=\"640\" src=\"https:\/\/www.borddemer-camping.com\/wp-content\/uploads\/2022\/12\/cuisine-mobil-home23-27m2_2.jpg\" alt=\"\" class=\"wp-image-1090\" srcset=\"https:\/\/www.borddemer-camping.com\/wp-content\/uploads\/2022\/12\/cuisine-mobil-home23-27m2_2.jpg 1024w, https:\/\/www.borddemer-camping.com\/wp-content\/uploads\/2022\/12\/cuisine-mobil-home23-27m2_2-300x188.jpg 300w, https:\/\/www.borddemer-camping.com\/wp-content\/uploads\/2022\/12\/cuisine-mobil-home23-27m2_2-768x480.jpg 768w\" sizes=\"(max-width: 1024px) 100vw, 1024px\" \/><\/figure>\n\n\n\n<figure class=\"wp-block-image size-full\"><img width=\"2048\" height=\"1370\" src=\"https:\/\/www.borddemer-camping.com\/wp-content\/uploads\/2022\/12\/Mobil-exterieur-avec-vue-mer-1.jpg\" alt=\"\" class=\"wp-image-1092\" srcset=\"https:\/\/www.borddemer-camping.com\/wp-content\/uploads\/2022\/12\/Mobil-exterieur-avec-vue-mer-1.jpg 2048w, https:\/\/www.borddemer-camping.com\/wp-content\/uploads\/2022\/12\/Mobil-exterieur-avec-vue-mer-1-300x201.jpg 300w, https:\/\/www.borddemer-camping.com\/wp-content\/uploads\/2022\/12\/Mobil-exterieur-avec-vue-mer-1-1024x685.jpg 1024w, https:\/\/www.borddemer-camping.com\/wp-content\/uploads\/2022\/12\/Mobil-exterieur-avec-vue-mer-1-768x514.jpg 768w, https:\/\/www.borddemer-camping.com\/wp-content\/uploads\/2022\/12\/Mobil-exterieur-avec-vue-mer-1-1536x1028.jpg 1536w\" sizes=\"(max-width: 2048px) 100vw, 2048px\" \/><\/figure>\n\n\n\n<figure class=\"wp-block-image size-full\"><img width=\"1151\" height=\"2048\" src=\"https:\/\/www.borddemer-camping.com\/wp-content\/uploads\/2022\/12\/Salle-de-bain-grand-mobil-home-23-a-27m\u00b2.jpg\" alt=\"\" class=\"wp-image-1094\" srcset=\"https:\/\/www.borddemer-camping.com\/wp-content\/uploads\/2022\/12\/Salle-de-bain-grand-mobil-home-23-a-27m\u00b2.jpg 1151w, https:\/\/www.borddemer-camping.com\/wp-content\/uploads\/2022\/12\/Salle-de-bain-grand-mobil-home-23-a-27m\u00b2-169x300.jpg 169w, https:\/\/www.borddemer-camping.com\/wp-content\/uploads\/2022\/12\/Salle-de-bain-grand-mobil-home-23-a-27m\u00b2-576x1024.jpg 576w, https:\/\/www.borddemer-camping.com\/wp-content\/uploads\/2022\/12\/Salle-de-bain-grand-mobil-home-23-a-27m\u00b2-768x1367.jpg 768w, https:\/\/www.borddemer-camping.com\/wp-content\/uploads\/2022\/12\/Salle-de-bain-grand-mobil-home-23-a-27m\u00b2-863x1536.jpg 863w\" sizes=\"(max-width: 1151px) 100vw, 1151px\" \/><\/figure>\n\n\n\n<figure class=\"wp-block-image size-full\"><img width=\"2048\" height=\"1325\" src=\"https:\/\/www.borddemer-camping.com\/wp-content\/uploads\/2022\/12\/Plan-Grand-mobil-home-2008.jpg\" alt=\"\" class=\"wp-image-1096\" srcset=\"https:\/\/www.borddemer-camping.com\/wp-content\/uploads\/2022\/12\/Plan-Grand-mobil-home-2008.jpg 2048w, https:\/\/www.borddemer-camping.com\/wp-content\/uploads\/2022\/12\/Plan-Grand-mobil-home-2008-300x194.jpg 300w, https:\/\/www.borddemer-camping.com\/wp-content\/uploads\/2022\/12\/Plan-Grand-mobil-home-2008-1024x663.jpg 1024w, https:\/\/www.borddemer-camping.com\/wp-content\/uploads\/2022\/12\/Plan-Grand-mobil-home-2008-768x497.jpg 768w, https:\/\/www.borddemer-camping.com\/wp-content\/uploads\/2022\/12\/Plan-Grand-mobil-home-2008-1536x994.jpg 1536w\" sizes=\"(max-width: 2048px) 100vw, 2048px\" \/><\/figure>\n<\/figure>\n<\/div>\n<\/div>\n\n\n\n<div class=\"wp-container-69f25dc7195a8 wp-block-buttons box_resa\">\n<div class=\"wp-block-button btn_resa\"><a class=\"wp-block-button__link\"><i class=\"fas fa-search\"><\/i> Schnell buchen!<\/a><\/div>\n<\/div>\n","protected":false},"excerpt":{"rendered":"<p>Modell 2008 Mobilheim 2 Schlafz. \u00f6ko 1 Schlafzimmer mit 1 Bett von 140 cm 1 Schlafzimmer mit 2 Einzelbetten (80 cm breit) Ausgestattete K\u00fcche (K\u00fchlschrank, 4 Gaskochstellen, Mikrowelle, elektrische Kaffeemaschine) Essbereich und Wohnzimmer mit Schlafsofa (140 cm breit) 1 elektrischer Konvektor Waschraum Separates WC Terrasse 12m\u00b2 mit Gartenm\u00f6beln Das Plus von Ad\u00e8le: Ihr Willkommensgeschenk, das [&hellip;]<\/p>\n","protected":false},"author":1,"featured_media":0,"parent":2411,"menu_order":0,"comment_status":"closed","ping_status":"closed","template":"","meta":[],"acf":[],"_links":{"self":[{"href":"https:\/\/www.borddemer-camping.com\/de\/wp-json\/wp\/v2\/pages\/2431"}],"collection":[{"href":"https:\/\/www.borddemer-camping.com\/de\/wp-json\/wp\/v2\/pages"}],"about":[{"href":"https:\/\/www.borddemer-camping.com\/de\/wp-json\/wp\/v2\/types\/page"}],"author":[{"embeddable":true,"href":"https:\/\/www.borddemer-camping.com\/de\/wp-json\/wp\/v2\/users\/1"}],"replies":[{"embeddable":true,"href":"https:\/\/www.borddemer-camping.com\/de\/wp-json\/wp\/v2\/comments?post=2431"}],"version-history":[{"count":3,"href":"https:\/\/www.borddemer-camping.com\/de\/wp-json\/wp\/v2\/pages\/2431\/revisions"}],"predecessor-version":[{"id":3059,"href":"https:\/\/www.borddemer-camping.com\/de\/wp-json\/wp\/v2\/pages\/2431\/revisions\/3059"}],"up":[{"embeddable":true,"href":"https:\/\/www.borddemer-camping.com\/de\/wp-json\/wp\/v2\/pages\/2411"}],"wp:attachment":[{"href":"https:\/\/www.borddemer-camping.com\/de\/wp-json\/wp\/v2\/media?parent=2431"}],"curies":[{"name":"wp","href":"https:\/\/api.w.org\/{rel}","templated":true}]}}

Mobilheim 2 Schlafz. öko

<div class="wp-block-columns B-25">
<div class="wp-block-column" style="flex-basis:40%">
<h2 class="has-text-align-left" id="camping-a-saint-michel-chef-chef-bienvenue-au-camping-3-etoiles-du-bord-de-mer">Modell 2008</h2>



<h1 class="titre" id="mobil-home-2ch-eco-1">Mobilheim 2 Schlafz. öko</h1>



<ul class="pictos pictos-liste liste-mob"><li><i class="fa-light fa-bed-front"></i>  1 Schlafzimmer mit 1 Bett von 140 cm</li><li><i class="fa-light fa-bed"></i>  1 Schlafzimmer mit 2 Einzelbetten (80 cm breit)</li><li><i class="fa-light fa-refrigerator"></i>  Ausgestattete Küche (Kühlschrank, 4 Gaskochstellen, Mikrowelle, elektrische Kaffeemaschine)</li><li><i class="fa-light fa-fork-knife"></i>  Essbereich und Wohnzimmer mit Schlafsofa (140 cm breit)</li><li><i class="fa-light fa-bolt"></i>  1 elektrischer Konvektor</li><li><i class="fa-light fa-shower-down"></i>  Waschraum</li><li><i class="fa-light fa-toilet"></i>  Separates WC</li><li><i class="fa-light fa-table-picnic"></i>  Terrasse 12m² mit Gartenmöbeln</li></ul>
</div>



<div class="wp-block-column">
<p><strong>Das Plus von Adèle:</strong> Ihr Willkommensgeschenk, das Sie bei Ihrer Ankunft erhalten (für jede Vermietung eines Mobilheims, Zigeunerwagens oder Chalets, in der Saison, mindestens 7 Nächte)</p>



<figure class="wp-block-gallery has-nested-images columns-3 is-cropped diaporama--2">
<figure class="wp-block-image size-full"><img width="768" height="512" src="https://www.borddemer-camping.com/wp-content/uploads/2022/12/mobil-home23-27m2.jpg" alt="" class="wp-image-1086" srcset="https://www.borddemer-camping.com/wp-content/uploads/2022/12/mobil-home23-27m2.jpg 768w, https://www.borddemer-camping.com/wp-content/uploads/2022/12/mobil-home23-27m2-300x200.jpg 300w" sizes="(max-width: 768px) 100vw, 768px" /></figure>



<figure class="wp-block-image size-full"><img width="1024" height="640" src="https://www.borddemer-camping.com/wp-content/uploads/2022/12/chambre-mobil-home23-27m2_2.jpg" alt="" class="wp-image-1088" srcset="https://www.borddemer-camping.com/wp-content/uploads/2022/12/chambre-mobil-home23-27m2_2.jpg 1024w, https://www.borddemer-camping.com/wp-content/uploads/2022/12/chambre-mobil-home23-27m2_2-300x188.jpg 300w, https://www.borddemer-camping.com/wp-content/uploads/2022/12/chambre-mobil-home23-27m2_2-768x480.jpg 768w" sizes="(max-width: 1024px) 100vw, 1024px" /></figure>



<figure class="wp-block-image size-full"><img width="1024" height="640" src="https://www.borddemer-camping.com/wp-content/uploads/2022/12/cuisine-mobil-home23-27m2_2.jpg" alt="" class="wp-image-1090" srcset="https://www.borddemer-camping.com/wp-content/uploads/2022/12/cuisine-mobil-home23-27m2_2.jpg 1024w, https://www.borddemer-camping.com/wp-content/uploads/2022/12/cuisine-mobil-home23-27m2_2-300x188.jpg 300w, https://www.borddemer-camping.com/wp-content/uploads/2022/12/cuisine-mobil-home23-27m2_2-768x480.jpg 768w" sizes="(max-width: 1024px) 100vw, 1024px" /></figure>



<figure class="wp-block-image size-full"><img width="2048" height="1370" src="https://www.borddemer-camping.com/wp-content/uploads/2022/12/Mobil-exterieur-avec-vue-mer-1.jpg" alt="" class="wp-image-1092" srcset="https://www.borddemer-camping.com/wp-content/uploads/2022/12/Mobil-exterieur-avec-vue-mer-1.jpg 2048w, https://www.borddemer-camping.com/wp-content/uploads/2022/12/Mobil-exterieur-avec-vue-mer-1-300x201.jpg 300w, https://www.borddemer-camping.com/wp-content/uploads/2022/12/Mobil-exterieur-avec-vue-mer-1-1024x685.jpg 1024w, https://www.borddemer-camping.com/wp-content/uploads/2022/12/Mobil-exterieur-avec-vue-mer-1-768x514.jpg 768w, https://www.borddemer-camping.com/wp-content/uploads/2022/12/Mobil-exterieur-avec-vue-mer-1-1536x1028.jpg 1536w" sizes="(max-width: 2048px) 100vw, 2048px" /></figure>



<figure class="wp-block-image size-full"><img width="1151" height="2048" src="https://www.borddemer-camping.com/wp-content/uploads/2022/12/Salle-de-bain-grand-mobil-home-23-a-27m².jpg" alt="" class="wp-image-1094" srcset="https://www.borddemer-camping.com/wp-content/uploads/2022/12/Salle-de-bain-grand-mobil-home-23-a-27m².jpg 1151w, https://www.borddemer-camping.com/wp-content/uploads/2022/12/Salle-de-bain-grand-mobil-home-23-a-27m²-169x300.jpg 169w, https://www.borddemer-camping.com/wp-content/uploads/2022/12/Salle-de-bain-grand-mobil-home-23-a-27m²-576x1024.jpg 576w, https://www.borddemer-camping.com/wp-content/uploads/2022/12/Salle-de-bain-grand-mobil-home-23-a-27m²-768x1367.jpg 768w, https://www.borddemer-camping.com/wp-content/uploads/2022/12/Salle-de-bain-grand-mobil-home-23-a-27m²-863x1536.jpg 863w" sizes="(max-width: 1151px) 100vw, 1151px" /></figure>



<figure class="wp-block-image size-full"><img width="2048" height="1325" src="https://www.borddemer-camping.com/wp-content/uploads/2022/12/Plan-Grand-mobil-home-2008.jpg" alt="" class="wp-image-1096" srcset="https://www.borddemer-camping.com/wp-content/uploads/2022/12/Plan-Grand-mobil-home-2008.jpg 2048w, https://www.borddemer-camping.com/wp-content/uploads/2022/12/Plan-Grand-mobil-home-2008-300x194.jpg 300w, https://www.borddemer-camping.com/wp-content/uploads/2022/12/Plan-Grand-mobil-home-2008-1024x663.jpg 1024w, https://www.borddemer-camping.com/wp-content/uploads/2022/12/Plan-Grand-mobil-home-2008-768x497.jpg 768w, https://www.borddemer-camping.com/wp-content/uploads/2022/12/Plan-Grand-mobil-home-2008-1536x994.jpg 1536w" sizes="(max-width: 2048px) 100vw, 2048px" /></figure>
</figure>
</div>
</div>



<div class="wp-container-69f25dc7195a8 wp-block-buttons box_resa">
<div class="wp-block-button btn_resa"><a class="wp-block-button__link"><i class="fas fa-search"></i> Schnell buchen!</a></div>
</div>

<p>Modell 2008 Mobilheim 2 Schlafz. öko 1 Schlafzimmer mit 1 Bett von 140 cm 1 Schlafzimmer mit 2 Einzelbetten (80 cm breit) Ausgestattete Küche (Kühlschrank, 4 Gaskochstellen, Mikrowelle, elektrische Kaffeemaschine) Essbereich und Wohnzimmer mit Schlafsofa (140 cm breit) 1 elektrischer Konvektor Waschraum Separates WC Terrasse 12m² mit Gartenmöbeln Das Plus von Adèle: Ihr Willkommensgeschenk, das [&hellip;]</p>
